se
Let l be (-2 - 416/3)/((-8)/24). Is ((-2)/((-4)/l))/(-4 - -5) composite?
False
Let d be (-34)/2*(-8 - 245). Let l = -1306 + d. Is l prime?
False
Let c(i) = 40*i**3 + 1. Let y be c(-1). Let o = y + 122. Is o a composite number?
False
Suppose -4*o + 16 = 4*w, -4*o = -16*w + 15*w + 19. Suppose -w*l = -14*l + 18235. Is l prime?
False
Let u = 456 - -1873. Is u prime?
False
Suppose 5*n - 3*b - 18 = 0, 4*b - 46 = -4*n - 6. Let t(a) = 3*a**3 + a**2 + 9*a + 11. Is t(n) a composite number?
True
Suppose -4*l - 4*y = -7576, -5871 = -3*l - 5*y - 191. Let s = 3438 - l. Is s a prime number?
True
Let z(j) = 3*j - 12. Let b(d) = -6*d + 30. Let l(t) = 29*t - 150. Let m(q) = -22*b(q) - 4*l(q). Let a(u) = 2*m(u) - 11*z(u). Is a(-10) composite?
True
Let g = -129 - -506. Is g composite?
True
Suppose 4*u - b + 2 = -0*b, 0 = -5*u - 3*b + 6. Suppose u*s - 2195 = -5*s. Is s prime?
True
Let l(h) = 5*h**3 + 2*h**2 + 2*h + 1. Let o be l(-1). Is 1/((-3)/132*o) a composite number?
False
Suppose -216878 + 13353 = -35*q. Is q prime?
False
Let b(g) = g**2 - 8*g - 27. Let h(a) = -3*a + 2. Let t be h(-3). Let y be b(t). Suppose -1245 = -9*n + y*n. Is n a composite number?
True
Let t(j) = j - 20*j - 7*j + 6. Let k(u) = -26*u + 7. Let p(x) = -3*k(x) + 4*t(x). Is p(-2) a prime number?
False
Let t = -89 - -89. Suppose -3*n = -t*n - 993. Is n a composite number?
False
Let m(b) = 31*b + 43. Let f be m(13). Suppose -f - 846 = -4*i. Is i composite?
True
Let g = -9844 + 15965. Is g a composite number?
False
Let y = -24 + 26. Is ((-12)/(-18))/(y/1257) prime?
True
Let v = 4069 + -782. Is v prime?
False
Suppose -12 = 4*o, 5*s - 5 + 3 = 4*o. Let f be 94/(s/12*-3). Suppose -f - 3 = -b. Is b a composite number?
False
Let a(g) = -2*g**3 - 2*g**2 - 21*g + 8. Let u be a(-9). Suppose 3*o - u = 3616. Is o a prime number?
False
Let x(n) = 600*n**3 + 5*n**2 - 18*n - 8. Is x(3) a composite number?
False
Let r be ((-4)/8)/((-3)/12). Let g = r - 10. Is (-2194 + 0)/(g/4) prime?
True
Let v = 1198 - -359. Let q = v + -580. Is q composite?
False
Let s(b) = -67*b - 8. Let t(v) = -133*v - 17. Let l(j) = 5*s(j) - 3*t(j). Let i be -1 - (-1 - -2) - -11. Is l(i) composite?
False
Suppose 0 = 3*i - 2*b - 3011 + 9735, 2*b - 4480 = 2*i. Let m = -141 - i. Is m composite?
True
Is 1*3/6*-13042*-1 a composite number?
False
Is (-4)/28 - 5674662/(-147) a composite number?
False
Let u be ((-5410)/(-4))/((-13)/104). Is (-12)/(-30)*u/(-8) prime?
True
Let n = 16214 - 11287. Is n a composite number?
True
Let d(x) = -x**3 + 6*x**2 - 10*x + 16. Let k be d(5). Let s(l) = l + 20. Is s(k) composite?
False
Suppose -30*y + 29*y = 5, 0 = -4*p - 2*y + 16458. Is p a composite number?
True
Let v be (979 - (0 + -2)) + 2. Suppose -3*k - v = -4742. Is k a prime number?
False
Suppose 124*l = 127*l - 2*i - 210751, -3*i + 3 = 0. Is l a prime number?
False
Let j be (397/1 - 16/(-8)) + -2. Let x = j - -522. Is x composite?
False
Let a be 4 - 1365 - 2 - (2 + -2). Let f = a - -2430. Is f a prime number?
False
Let v(j) = j**2 - 3*j + 3. Let g be v(1). Is ((-11)/22)/(g/(-1172)) composite?
True
Let n be 3/(-6) + (-35)/(-10). Suppose 606 = n*c + 3*o, -3 = -5*o + 2. Is c prime?
False
Suppose 19272 = 13*p - 23537. Is p prime?
False
Suppose 9*b = -2*b + 33. Suppose 7*w - 2004 = b*w. Is w a prime number?
False
Let w be ((-3 - -7)*1)/(5 - 3). Let p(n) = -761*n - 10. Let k be p(7). Is k/(-63) + w/7 a composite number?
True
Let k = 37 + 814. Is k composite?
True
Let z = -27955 - -69390. Is z composite?
True
Let z = -34 - -18. Is (4/3)/(z/(-3048)) composite?
True
Let s = -141 - -101. Let w = s - -146. Is w composite?
True
Suppose -3*c + c - 1841 = -i, -c - 1838 = -i. Is i composite?
True
Let s(r) = -14*r**2 + 2*r - 30. Let k be s(-12). Let a = -31 - k. Is a a composite number?
False
Let m = 16 + -16. Suppose -7*f + 8*f + 8 = m. Is ((-10356)/f)/(-3)*-2 a composite number?
False
Let r(v) = 2357*v**2 - v. Let l be r(1). Suppose l = 9*j - 1487. Is j prime?
False
Let o(d) = d**3 + d**2 + 1. Let r(h) = 2*h**3 + 3*h**2 + 3*h + 6. Let q(i) = -5*o(i) + r(i). Let z = -127 - -124. Is q(z) a prime number?
False
Let h be ((-6)/(-18))/(1/33). Suppose -29293 - 6952 = -h*a. Is a a prime number?
False
Let d = 9 + -13. Is (-2540)/d + (2 - 2) a composite number?
True
Let j(a) be the second derivative of a**5/10 + a**4/6 - a**2/2 + 4*a. Is j(4) prime?
False
Let c(u) = 2*u**2 + 6*u + 5. Let g be c(-3). Suppose -3*l - 241 = g*v - 1229, 0 = -l - 4*v + 327. Is l prime?
True
Let f be (1/(-3))/((-6)/72). Suppose k + 13 = -3*v + 6*v, f*v - 28 = -4*k. Suppose 91 = 4*w + 3*c, -6*w - v*c = -w - 115. Is w composite?
True
Suppose -3*b + 12642 = 5*a - 2*a, -5*a = -b + 4196. Suppose b = 3*q - 15304. Is q prime?
False
Let o = 76723 + -44906. Is o a composite number?
False
Let j be (-2 + 0)*-6 - 3. Suppose j*l - 5578 = 7*l. Is l a composite number?
False
Let b(q) be the second derivative of q**4/12 + q**2 + 5*q. Let d be b(0). Suppose -d*j + 26 = -j. Is j a composite number?
True
Suppose -3*b + 4*n + 37821 = -2*b, 113533 = 3*b + 2*n. Is b a prime number?
False
Let w = -103 - -105. Is ((-28)/(-14))/(w/259) prime?
False
Let p = 2489 + -1643. Let h(y) = 65*y + 16. Let d be h(5). Let b = p - d. Is b a composite number?
True
Suppose 0 = -3*w - 4*q + 19 + 9, -5*q + 40 = 5*w. Suppose 3*j - 3*p = 1104, w*j - 1838 = -j + 3*p. Let a = j + -240. Is a a prime number?
True
Let o(i) = i + 13. Let j be o(-9). Suppose m - 49 = -3*u - m, 0 = j*u - 4*m - 92. Is u composite?
False
Let r be 6/4 + (-9)/6. Suppose -2*l + 580 - 74 = r. Is l composite?
True
Let a(r) = -297*r - 2. Suppose 5 - 9 = 2*d. Let c be a(d). Let h = c - 405. Is h composite?
True
Let a(v) = 3*v**2 + 3*v. Let l be a(2). Suppose 13*f - l*f = -2095. Is f prime?
True
Suppose -4*g = -3*w, 4*w - 2*g = -w. Suppose 4*d - 9*d = w. Suppose -5*c - 4*z + 89 = -2*c, -3*c - 2*z + 97 = d. Is c a prime number?
False
Suppose -4*j + 97109 = 5*k - 3*j, -3*k = -5*j - 58271. Let q = k - 13417. Is q a composite number?
True
Let b(u) = u**3 + 5*u**2 - 6*u + 2. Let i be b(-6). Let m(s) = 320*s - 7. Let h be m(1). Suppose -4*p + 5*d = -h, p + i*d = -p + 170. Is p a composite number?
True
Let w = 27776 + -5725. Is w a prime number?
True
Suppose -2*l - 10 = 0, 187*l = k + 190*l - 6434. Is k a composite number?
False
Is (17/170 - 85742/(-5))*2 a composite number?
False
Suppose -r = 52 - 348. Let f = r + -169. Is f composite?
False
Suppose 4*o = 2*y - 13510, -215*o + 214*o = -4*y + 27041. Is y a prime number?
True
Let o(s) = s**3. Let q(m) = 36*m**3 + m**2 + 4*m - 3. Let z(w) = -5*o(w) + q(w). Is z(2) a prime number?
True
Let l(n) = n + 3. Let r be (-8)/(-40) - (-68)/10. Is l(r) a composite number?
True
Let k = 16 - 11. Suppose 0*t = k*t - 1465. Is t a composite number?
False
Suppose -2*z - 3*j = -1570, 13*j = -3*z + 12*j + 2355. Is z prime?
False
Let b(x) = -3*x**3 - 68*x**2 - 12*x - 89. Is b(-28) a composite number?
False
Suppose 3*s = -2*p + 5269, -4*p = -14*s + 12*s - 10530. Is p a prime number?
True
Let o = -3810 + 11981. Is o prime?
True
Let p = 830 + -1387. Let j be (-10)/(-75) - p/(-15). Let x = j + 104. Is x prime?
True
Suppose 5*t = -4*j + 15, -4*t + 5*j + 10 = -2. Let f be -2 + (0 - (-1 + 4)). Is t + f - (-80 + -1) a composite number?
False
Suppose -37*y + 2764646 = 9*y. Is y a composite number?
False
Suppose 3*v + 2*v + 5*k = 70, -5 = k. Let r = -15 + v. Suppose -3*x = 2*p + 3*p - 3758, r*x + p = 5039. Is x a composite number?
True
Suppose 8*u = -8767 + 33255. Is u composite?
False
Let d(j) = -116*j**3 + j**2 - 4*j - 23. Is d(-4) prime?
True
Let y(n) = -5*n**3 - 3*n**2 - 4*n - 3. Let j(o) = o - 11. Let p be j(15). Suppose d - p = 3*d. Is y(d) a prime number?
False
Suppose 0*j + 20 = 4*j + 4*s, 4*j = -s + 8. Is 6176/20 - j/(-5) a composite number?
True
Let q(d) = 40*d - 6. Let s(f) = -f**3 - 16*f**2 - 2*f - 15. Let h be s(-16). Let w(c) = -13*c + 2. Let x(l) = h*w(l) + 6*q(l). Is x(3) prime?
False
Let i be (3/6)/(1/6). Let t = -121 - -131. Is (1 - i)/(t/(-815)) a prime number?
True
Let f be 2/(-1) + 0 + 87. Suppose 2*a - f = -29. Let j = -14 + a. Is j a prime number?
False
Let l = -1608 + 353. Suppose -4*i - 1752 = 4*a, 5*a - 1584 - 132 = 4*i. Let q = i - l. Is q composite?
False
Suppose 0 = -5*o - 3*o + 24. Let z(j) = 6*j**3 - 4*j**2 + 4*j - 7. Is z(o) a 